 the remainder when 7151 is divided by 2382.
5
What is the remainder when 1592 is divided by 113?
10
What is the remainder when 124 is divided by 58?
8
Calculate the remainder when 129 is divided by 104.
25
Calculate the remainder when 345 is divided by 88.
81
What is the remainder when 395 is divided by 33?
32
Calculate the remainder when 3474 is divided by 57.
54
Calculate the remainder when 1295 is divided by 99.
8
What is the remainder when 1340 is divided by 83?
12
Calculate the remainder when 282 is divided by 58.
50
What is the remainder when 124 is divided by 64?
60
Calculate the remainder when 838 is divided by 50.
38
What is the remainder when 22857 is divided by 36?
33
What is the remainder when 1309 is divided by 35?
14
Calculate the remainder when 23 is divided by 4.
3
What is the remainder when 38 is divided by 11?
5
What is the remainder when 105 is divided by 18?
15
Calculate the remainder when 53 is divided by 25.
3
What is the remainder when 198 is divided by 10?
8
Calculate the remainder when 15 is divided by 5.
0
What is the remainder when 3826 is divided by 87?
85
What is the remainder when 1911 is divided by 87?
84
What is the remainder when 350 is divided by 81?
26
What is the remainder when 62 is divided by 34?
28
What is the remainder when 208 is divided by 10?
8
What is the remainder when 2053 is divided by 255?
13
Calculate the remainder when 281 is divided by 71.
68
What is the remainder when 668 is divided by 42?
38
Calculate the remainder when 103 is divided by 58.
45
What is the remainder when 428 is divided by 127?
47
Calculate the remainder when 98 is divided by 13.
7
Calculate the remainder when 216 is divided by 58.
42
Calculate the remainder when 361 is divided by 91.
88
What is the remainder when 325 is divided by 24?
13
What is the remainder when 240 is divided by 81?
78
What is the remainder when 650 is divided by 213?
11
Calculate the remainder when 422 is divided by 88.
70
What is the remainder when 609 is divided by 13?
11
What is the remainder when 264 is divided by 89?
86
Calculate the remainder when 680 is divided by 150.
80
Calculate the remainder when 67 is divided by 35.
32
Calculate the remainder when 347 is divided by 7.
4
Calculate the remainder when 847 is divided by 23.
19
What is the remainder when 1007 is divided by 13?
6
Calculate the remainder when 198 is divided by 98.
2
What is the remainder when 70 is divided by 13?
5
What is the remainder when 233 is divided by 39?
38
What is the remainder when 1916 is divided by 382?
6
Calculate the remainder when 218 is divided by 4.
2
Calculate the remainder when 70 is divided by 36.
34
Calculate the remainder when 284 is divided by 82.
38
Calculate the remainder when 259 is divided by 20.
19
What is the remainder when 82 is divided by 17?
14
What is the remainder when 736 is divided by 185?
181
Calculate the remainder when 1629 is divided by 165.
144
What is the remainder when 10746 is divided by 28?
22
Calculate the remainder when 3349 is divided by 79.
31
What is the remainder when 139 is divided by 49?
41
Calculate the remainder when 12 is divided by 10.
2
Calculate the remainder when 10345 is divided by 199.
196
What is the remainder when 409 is divided by 25?
9
What is the remainder when 546 is divided by 61?
58
Calculate the remainder when 74 is divided by 25.
24
Calculate the remainder when 185 is divided by 32.
25
What is the remainder when 4461 is divided by 18?
15
What is the remainder when 94 is divided by 18?
4
Calculate the remainder when 3071 is divided by 53.
50
What is the remainder when 2069 is divided by 83?
77
What is the remainder when 1065 is divided by 11?
9
Calculate the remainder when 382 is divided by 78.
70
Calculate the remainder when 1349 is divided by 33.
29
What is the remainder when 69 is divided by 18?
15
Calculate the remainder when 28 is divided by 1.
0
What is the remainder when 281 is divided by 42?
29
Calculate the remainder when 9447 is divided by 10.
7
Calculate the remainder when 104 is divided by 24.
8
What is the remainder when 429 is divided by 120?
69
What is the remainder when 6235 is divided by 99?
97
What is the remainder when 648 is divided by 165?
153
What is the remainder when 999 is divided by 201?
195
What is the remainder when 23812 is divided by 189?
187
What is the remainder when 20 is divided by 6?
2
What is the remainder when 3568 is divided by 83?
82
Calculate the remainder when 88785 is divided by 84.
81
What is the remainder when 307 is divided by 45?
37
What is the remainder when 1037 is divided by 40?
37
What is the remainder when 123 is divided by 31?
30
What is the remainder when 6300 is divided by 2100?
0
Calculate the remainder when 1434 is divided by 35.
34
Calculate the remainder when 156 is divided by 89.
67
What is the remainder when 1044 is divided by 209?
208
Calculate the remainder when 759 is divided by 248.
15
Calculate the remainder when 585 is divided by 12.
9
Calculate the remainder when 194 is divided by 67.
60
What is the remainder when 126 is divided by 37?
15
What is the remainder when 3223 is divided by 15?
13
What is the remainder when 38 is divided by 18?
2
Calculate the remainder when 751 is divided by 63.
58
Calculate the remainder when 4059 is divided by 50.
9
Calculate the remainder when 62 is divided by 11.
7
Calculate the remainder when 281 is divided by 91.
8
Calculate the remainder when 49 is divided by 24.
1
What is the remainder when 54 is divided by 11?
10
Calculate the remainder when 29 is divided by 15.
14
What is the remainder when 2410 is divided by 24?
10
What is the remainder when 286 is divided by 102?
82
What is the remainder when 4888 is divided by 136?
128
Calculate the remainder when 2076 is divided by 173.
0
What is the remainder when 513 is divided by 129?
126
Calculate the remainder when 175 is divided by 6.
1
Calculate the remainder when 372 is divided by 42.
36
What is the remainder when 64 is divided by 58?
6
Calculate the remainder when 218 is divided by 100.
18
What is the remainder when 101 is divided by 33?
2
What is the remainder when 81 is divided by 21?
18
What is the remainder when 637 is divided by 58?
57
What is the remainder when 777 is divided by 47?
25
Calculate the remainder when 2207 is divided by 1094.
19
What is the remainder when 100 is divided by 27?
19
Calculate the remainder when 322 is divided by 17.
16
Calculate the remainder when 1946 is divided by 130.
126
What is the remainder when 141 is divided by 74?
67
What is the remainder when 525 is divided by 12?
9
What is the remainder when 155 is divided by 33?
23
What is the remainder when 17 is divided by 3?
2
Calculate the remainder when 61 is divided by 28.
5
Calculate the remainder when 1535 is divided by 81.
77
What is the remainder when 698 is divided by 231?
5
Calculate the remainder when 291 is divided by 36.
3
What is the remainder when 314 is divided by 42?
20
What is the remainder when 19357 is divided by 81?
79
What is the remainder when 910 is divided by 306?
298
What is the remainder when 3812 is divided by 35?
32
Calculate the remainder when 644 is divided by 18.
14
Calculate the remainder when 2448 is divided by 2445.
3
Calculate the remainder when 122 is divided by 8.
2
What is the remainder when 2177 is divided by 42?
35
Calculate the remainder when 3419 is divided by 114.
113
What is the remainder when 289 is divided by 7?
2
What is the remainder when 483 is divided by 87?
48
Calculate the remainder when 371 is divided by 4.
3
Calculate the remainder when 212 is divided by 210.
2
What is the remainder when 197 is divided by 37?
12
Calculate the remainder when 3699 is divided by 1849.
1
Calculate the remainder when 314 is divided by 96.
26
What is the remainder when 1592 is divided by 319?
316
Calculate the remainder when 251 is divided by 21.
20
Calculate the remainder when 117 is divided by 79.
38
What is the remainder when 50 is divided by 12?
2
What is the remainder when 8768 is divided by 51?
47
Calculate the remainder when 2347 is divided by 112.
107
What is the remainder when 97 is divided by 37?
23
What is the remainder when 67 is divided by 4?
3
Calculate the remainder when 1115 is divided by 18.
17
Calculate the remainder when 635 is